{"id":121,"date":"2015-02-20T12:43:57","date_gmt":"2015-02-20T12:43:57","guid":{"rendered":"http:\/\/fabad.org.tr\/taslak\/?page_id=121"},"modified":"2017-01-10T20:02:28","modified_gmt":"2017-01-10T18:02:28","slug":"2013-2014","status":"publish","type":"page","link":"https:\/\/www.fabad.org.tr\/en\/konferans-serileri\/2013-2014\/","title":{"rendered":"2013-2014"},"content":{"rendered":"<table width=\"100%\" border=\"0\" cellspacing=\"0\" cellpadding=\"0\">\n<tr>\n<td colspan=\"3\"><\/td>\n<\/tr>\n<tr>\n<td>\n<h4 style=\"text-align: center;\">T\u00dcRK MUTFA\u011eINDA SOFRA ADABI<\/h4>\n<p style=\"text-align: center;\"><em>Prof. Dr. \u00d6mer ULUO\u011eLU<\/em><\/p>\n<p style=\"text-align: center;\"><strong>9\u00a0Nisan 2014 Saat: 15:30<\/strong><\/p>\n<p style=\"text-align: center;\"><strong>Gazi \u00dcniversitesi Eczac\u0131l\u0131k Fak\u00fcltesi Hedef Salonu<\/strong><\/p>\n<p style=\"text-align: center;\"><strong><a href=\"http:\/\/fabad.org.tr\/wp-content\/uploads\/2015\/02\/FABAD-6.KONFERANS.jpg\"><img loading=\"lazy\" decoding=\"async\" class=\"aligncenter wp-image-188\" src=\"http:\/\/www.fabad.org.tr\/wp-content\/uploads\/2015\/02\/FABAD-Konferans-%C3%96mer-ULUOGLU-248x350.jpg\" alt=\"\" width=\"200\" height=\"284\" \/><\/a><\/strong><\/p>\n<\/td>\n<td>\n<h4 style=\"text-align: center;\">T\u00dcRK MUTFA\u011eI: K\u00d6KLER\u0130 VE GENEL YAPISI<\/strong><\/h4>\n<p style=\"text-align: center;\"><em>Prof. Dr. \u00d6mer ULUO\u011eLU<\/em><\/p>\n<p style=\"text-align: center;\"><strong>19 Kas\u0131m\u00a02013 Saat: 15:30<\/strong><\/p>\n<p style=\"text-align: center;\"><strong>Gazi \u00dcniversitesi Eczac\u0131l\u0131k Fak\u00fcltesi Konferans Salonu<\/strong><\/p>\n<p style=\"text-align: center;\"><strong><img loading=\"lazy\" decoding=\"async\" class=\"aligncenter wp-image-187\" src=\"http:\/\/www.fabad.org.tr\/wp-content\/uploads\/2015\/02\/FABAD-Konferans-%C3%96mer-ULUOGLU-1-248x350.jpg\" alt=\"\" width=\"200\" height=\"279\" \/><\/strong><\/p>\n<\/td>\n<td align=\"center\">\n<h4 style=\"text-align: center;\">&nbsp;<\/h4>\n<\/td>\n<\/tr>\n<tr>\n<td colspan=\"3\"><\/td>\n<\/tr>\n<\/table>\n","protected":false},"excerpt":{"rendered":"<p>T\u00dcRK MUTFA\u011eINDA SOFRA ADABI Prof. Dr. \u00d6mer ULUO\u011eLU 9\u00a0Nisan 2014 Saat: 15:30 Gazi \u00dcniversitesi Eczac\u0131l\u0131k Fak\u00fcltesi Hedef Salonu T\u00dcRK MUTFA\u011eI: K\u00d6KLER\u0130 VE GENEL YAPISI Prof. Dr. \u00d6mer ULUO\u011eLU 19 Kas\u0131m\u00a02013 Saat: 15:30 Gazi \u00dcniversitesi&#46;&#46;&#46;<\/p>\n","protected":false},"author":1,"featured_media":0,"parent":46,"menu_order":0,"comment_status":"closed","ping_status":"closed","template":"","meta":{"_uag_custom_page_level_css":"","footnotes":""},"class_list":["post-121","page","type-page","status-publish","hentry"],"uagb_featured_image_src":{"full":false,"thumbnail":false,"medium":false,"medium_large":false,"large":false,"1536x1536":false,"2048x2048":false,"thumb-small":false,"thumb-standard":false,"thumb-medium":false,"thumb-large":false,"thumb-xlarge":false,"thumb-xxlarge":false},"uagb_author_info":{"display_name":"Admin","author_link":"https:\/\/www.fabad.org.tr\/en\/author\/admin\/"},"uagb_comment_info":0,"uagb_excerpt":"T\u00dcRK MUTFA\u011eINDA SOFRA ADABI Prof. Dr. \u00d6mer ULUO\u011eLU 9\u00a0Nisan 2014 Saat: 15:30 Gazi \u00dcniversitesi Eczac\u0131l\u0131k Fak\u00fcltesi Hedef Salonu T\u00dcRK MUTFA\u011eI: K\u00d6KLER\u0130 VE GENEL YAPISI Prof. Dr. \u00d6mer ULUO\u011eLU 19 Kas\u0131m\u00a02013 Saat: 15:30 Gazi \u00dcniversitesi&#46;&#46;&#46;","_links":{"self":[{"href":"https:\/\/www.fabad.org.tr\/en\/wp-json\/wp\/v2\/pages\/121","targetHints":{"allow":["GET"]}}],"collection":[{"href":"https:\/\/www.fabad.org.tr\/en\/wp-json\/wp\/v2\/pages"}],"about":[{"href":"https:\/\/www.fabad.org.tr\/en\/wp-json\/wp\/v2\/types\/page"}],"author":[{"embeddable":true,"href":"https:\/\/www.fabad.org.tr\/en\/wp-json\/wp\/v2\/users\/1"}],"replies":[{"embeddable":true,"href":"https:\/\/www.fabad.org.tr\/en\/wp-json\/wp\/v2\/comments?post=121"}],"version-history":[{"count":0,"href":"https:\/\/www.fabad.org.tr\/en\/wp-json\/wp\/v2\/pages\/121\/revisions"}],"up":[{"embeddable":true,"href":"https:\/\/www.fabad.org.tr\/en\/wp-json\/wp\/v2\/pages\/46"}],"wp:attachment":[{"href":"https:\/\/www.fabad.org.tr\/en\/wp-json\/wp\/v2\/media?parent=121"}],"curies":[{"name":"wp","href":"https:\/\/api.w.org\/{rel}","templated":true}]}}

<table width="100%" border="0" cellspacing="0" cellpadding="0">
<tr>
<td colspan="3"></td>
</tr>
<tr>
<td>
<h4 style="text-align: center;">TÜRK MUTFAĞINDA SOFRA ADABI</h4>
<p style="text-align: center;"><em>Prof. Dr. Ömer ULUOĞLU</em></p>
<p style="text-align: center;"><strong>9 Nisan 2014 Saat: 15:30</strong></p>
<p style="text-align: center;"><strong>Gazi Üniversitesi Eczacılık Fakültesi Hedef Salonu</strong></p>
<p style="text-align: center;"><strong><a href="http://fabad.org.tr/wp-content/uploads/2015/02/FABAD-6.KONFERANS.jpg"><img loading="lazy" decoding="async" class="aligncenter wp-image-188" src="http://www.fabad.org.tr/wp-content/uploads/2015/02/FABAD-Konferans-%C3%96mer-ULUOGLU-248x350.jpg" alt="" width="200" height="284" /></a></strong></p>
</td>
<td>
<h4 style="text-align: center;">TÜRK MUTFAĞI: KÖKLERİ VE GENEL YAPISI</strong></h4>
<p style="text-align: center;"><em>Prof. Dr. Ömer ULUOĞLU</em></p>
<p style="text-align: center;"><strong>19 Kasım 2013 Saat: 15:30</strong></p>
<p style="text-align: center;"><strong>Gazi Üniversitesi Eczacılık Fakültesi Konferans Salonu</strong></p>
<p style="text-align: center;"><strong><img loading="lazy" decoding="async" class="aligncenter wp-image-187" src="http://www.fabad.org.tr/wp-content/uploads/2015/02/FABAD-Konferans-%C3%96mer-ULUOGLU-1-248x350.jpg" alt="" width="200" height="279" /></strong></p>
</td>
<td align="center">
<h4 style="text-align: center;">&nbsp;</h4>
</td>
</tr>
<tr>
<td colspan="3"></td>
</tr>
</table>

<p>TÜRK MUTFAĞINDA SOFRA ADABI Prof. Dr. Ömer ULUOĞLU 9 Nisan 2014 Saat: 15:30 Gazi Üniversitesi Eczacılık Fakültesi Hedef Salonu TÜRK MUTFAĞI: KÖKLERİ VE GENEL YAPISI Prof. Dr. Ömer ULUOĞLU 19 Kasım 2013 Saat: 15:30 Gazi Üniversitesi&#46;&#46;&#46;</p>

TÜRK MUTFAĞINDA SOFRA ADABI Prof. Dr. Ömer ULUOĞLU 9 Nisan 2014 Saat: 15:30 Gazi Üniversitesi Eczacılık Fakültesi Hedef Salonu TÜRK MUTFAĞI: KÖKLERİ VE GENEL YAPISI Prof. Dr. Ömer ULUOĞLU 19 Kasım 2013 Saat: 15:30 Gazi Üniversitesi&#46;&#46;&#46;
